{"id":175,"date":"2016-01-28T15:19:37","date_gmt":"2016-01-28T14:19:37","guid":{"rendered":"http:\/\/lusanger-ndbg.fr\/?page_id=175"},"modified":"2024-03-06T10:52:39","modified_gmt":"2024-03-06T09:52:39","slug":"les-anniversaires","status":"publish","type":"page","link":"http:\/\/lusanger-ndbg.fr\/?page_id=175","title":{"rendered":"Les anniversaires"},"content":{"rendered":"<p>Tous les \u00e9l\u00e8ves de l&#8217;\u00e9cole peuvent c\u00e9l\u00e9brer leur anniversaire \u00e0 l&#8217;\u00e9cole au sein de leur classe.<\/p>\n<p>Pensez \u00e0 demander \u00e0 l&#8217;enseignant quel est le meilleur moment pour apporter un g\u00e2teau.<\/p>\n<p>Privil\u00e9giez les g\u00e2teaux bien cuits et bien emball\u00e9s.<\/p>\n<p>Les bonbons peuvent \u00eatre distribu\u00e9s mais sont \u00e0 manger \u00e0 la maison.<\/p>\n<p>&nbsp;<\/p>\n","protected":false},"excerpt":{"rendered":"<p>Tous les \u00e9l\u00e8ves de l&#8217;\u00e9cole peuvent c\u00e9l\u00e9brer leur anniversaire \u00e0 l&#8217;\u00e9cole au sein de leur classe. Pensez \u00e0 demander \u00e0 l&#8217;enseignant quel est le meilleur moment pour apporter un g\u00e2teau. Privil\u00e9giez les g\u00e2teaux bien cuits et bien emball\u00e9s. Les bonbons peuvent \u00eatre distribu\u00e9s mais sont \u00e0 manger \u00e0 la maison. &nbsp;<\/p>\n","protected":false},"author":3,"featured_media":0,"parent":0,"menu_order":0,"comment_status":"closed","ping_status":"closed","template":"","meta":{"ngg_post_thumbnail":0,"footnotes":""},"class_list":["post-175","page","type-page","status-publish","hentry"],"_links":{"self":[{"href":"http:\/\/lusanger-ndbg.fr\/index.php?rest_route=\/wp\/v2\/pages\/175","targetHints":{"allow":["GET"]}}],"collection":[{"href":"http:\/\/lusanger-ndbg.fr\/index.php?rest_route=\/wp\/v2\/pages"}],"about":[{"href":"http:\/\/lusanger-ndbg.fr\/index.php?rest_route=\/wp\/v2\/types\/page"}],"author":[{"embeddable":true,"href":"http:\/\/lusanger-ndbg.fr\/index.php?rest_route=\/wp\/v2\/users\/3"}],"replies":[{"embeddable":true,"href":"http:\/\/lusanger-ndbg.fr\/index.php?rest_route=%2Fwp%2Fv2%2Fcomments&post=175"}],"version-history":[{"count":1,"href":"http:\/\/lusanger-ndbg.fr\/index.php?rest_route=\/wp\/v2\/pages\/175\/revisions"}],"predecessor-version":[{"id":6375,"href":"http:\/\/lusanger-ndbg.fr\/index.php?rest_route=\/wp\/v2\/pages\/175\/revisions\/6375"}],"wp:attachment":[{"href":"http:\/\/lusanger-ndbg.fr\/index.php?rest_route=%2Fwp%2Fv2%2Fmedia&parent=175"}],"curies":[{"name":"wp","href":"https:\/\/api.w.org\/{rel}","templated":true}]}}