{"id":208,"date":"2016-01-28T17:04:53","date_gmt":"2016-01-28T16:04:53","guid":{"rendered":"http:\/\/lusanger-ndbg.fr\/?page_id=208"},"modified":"2024-03-06T10:34:19","modified_gmt":"2024-03-06T09:34:19","slug":"art-visuel","status":"publish","type":"page","link":"https:\/\/lusanger-ndbg.fr\/?page_id=208","title":{"rendered":"Art visuel"},"content":{"rendered":"<p>Les \u00e9l\u00e8ves de Mater &#8211; CP vivent r\u00e9guli\u00e8rement des activit\u00e9s artistiques au sein de leur classe.<\/p>\n<p>Isabelle (enseignante mater-cp) intervient aupr\u00e8s des \u00e9l\u00e8ves de CE &#8211; CM pour mener des s\u00e9quences p\u00e9dagogiques artistiques en lien avec les th\u00e8mes annuels.<\/p>\n<p>Les \u00e9l\u00e8ves de l&#8217;\u00e9cole participent aux actions nationales LA GRANDE LESSIVE deux fois par an.<\/p>\n<p>A la fin de l&#8217;ann\u00e9e, les travaux des enfants sont expos\u00e9s aux parents et aux familles.<\/p>\n","protected":false},"excerpt":{"rendered":"<p>Les \u00e9l\u00e8ves de Mater &#8211; CP vivent r\u00e9guli\u00e8rement des activit\u00e9s artistiques au sein de leur classe. Isabelle (enseignante mater-cp) intervient aupr\u00e8s des \u00e9l\u00e8ves de CE &#8211; CM pour mener des s\u00e9quences p\u00e9dagogiques artistiques en lien avec les th\u00e8mes annuels. Les \u00e9l\u00e8ves de l&#8217;\u00e9cole participent aux actions nationales LA GRANDE LESSIVE deux fois par an. A<\/p>\n<p><a href=\"https:\/\/lusanger-ndbg.fr\/?page_id=208\" class=\"more-link themebutton\">Lire la suite<\/a><\/p>\n","protected":false},"author":3,"featured_media":0,"parent":0,"menu_order":0,"comment_status":"closed","ping_status":"closed","template":"","meta":{"ngg_post_thumbnail":0,"footnotes":""},"class_list":["post-208","page","type-page","status-publish","hentry"],"_links":{"self":[{"href":"https:\/\/lusanger-ndbg.fr\/index.php?rest_route=\/wp\/v2\/pages\/208","targetHints":{"allow":["GET"]}}],"collection":[{"href":"https:\/\/lusanger-ndbg.fr\/index.php?rest_route=\/wp\/v2\/pages"}],"about":[{"href":"https:\/\/lusanger-ndbg.fr\/index.php?rest_route=\/wp\/v2\/types\/page"}],"author":[{"embeddable":true,"href":"https:\/\/lusanger-ndbg.fr\/index.php?rest_route=\/wp\/v2\/users\/3"}],"replies":[{"embeddable":true,"href":"https:\/\/lusanger-ndbg.fr\/index.php?rest_route=%2Fwp%2Fv2%2Fcomments&post=208"}],"version-history":[{"count":3,"href":"https:\/\/lusanger-ndbg.fr\/index.php?rest_route=\/wp\/v2\/pages\/208\/revisions"}],"predecessor-version":[{"id":6361,"href":"https:\/\/lusanger-ndbg.fr\/index.php?rest_route=\/wp\/v2\/pages\/208\/revisions\/6361"}],"wp:attachment":[{"href":"https:\/\/lusanger-ndbg.fr\/index.php?rest_route=%2Fwp%2Fv2%2Fmedia&parent=208"}],"curies":[{"name":"wp","href":"https:\/\/api.w.org\/{rel}","templated":true}]}}