{"id":91,"date":"2016-01-28T11:24:44","date_gmt":"2016-01-28T10:24:44","guid":{"rendered":"http:\/\/lusanger-ndbg.fr\/?page_id=91"},"modified":"2024-03-06T10:59:51","modified_gmt":"2024-03-06T09:59:51","slug":"presentation-ogec","status":"publish","type":"page","link":"https:\/\/lusanger-ndbg.fr\/?page_id=91","title":{"rendered":"Pr\u00e9sentation OGEC"},"content":{"rendered":"<pre style=\"text-align: center;\">Votre avis nous int\u00e9resse, \u00e9crivez-nous \u00e0 l'adresse suivante : <a href=\"mailto:ecole.lusanger@orange.fr\" target=\"_blank\" rel=\"noopener\">ecole.lusanger@orange.fr<\/a><\/pre>\n<p><strong>* Que veut dire OGEC ?<\/strong><\/p>\n<p>Organisme de Gestion de l&#8217;\u00c9cole Catholique<\/p>\n<p><strong>* Quel est l&#8217;objet de l&#8217;OGEC ?<\/strong><\/p>\n<p>L&#8217;OGEC est une association Loi 1901 qui doit assumer juridiquement la gestion des \u00e9tablissements d&#8217;enseignements catholiques \u00e0 la fois dans le respect du droit fran\u00e7ais et \u00e9galement en accord avec les textes fondamentaux de l&#8217;enseignement Catholique.<\/p>\n<p>Ceci signifie que l&#8217;OGEC est sous tutelle de l&#8217;\u00e9tat de part le contrat d&#8217;association que l&#8217;\u00e9cole a sign\u00e9 avec l\u2019\u00c9tat (mairie) mais \u00e9galement sous tutelle du dioc\u00e8se.<\/p>\n<p><strong>* Que fait l&#8217;OGEC ?<\/strong><\/p>\n<p>L&#8217;OGEC donne \u00e0 l&#8217;\u00e9cole les moyens humains et mat\u00e9riels afin d&#8217;assurer son bon fonctionnement.<\/p>\n<p>-Les moyens humains sont \u00e0 la fois des salari\u00e9s (salari\u00e9s de l&#8217;OGEC comme le personnel de cantine ou les ASEM par exemple) et des b\u00e9n\u00e9voles (les \u00ab parents administrateurs \u00bb de l&#8217;OGEC).<\/p>\n<p>-Les moyens mat\u00e9riels, c&#8217;est la mise \u00e0 disposition des \u00e9l\u00e8ves et des enseignants du mat\u00e9riel p\u00e9dagogique. Mais c&#8217;est aussi assurer l&#8217;entretien des locaux selon les normes de s\u00e9curit\u00e9.<\/p>\n<p>L&#8217;OGEC g\u00e8re financi\u00e8rement l&#8217;\u00e9cole au niveau des ressources (contributions familiales , subvention de la mairie, recettes manifestations) et des d\u00e9penses (achats, salaires et traitements).<\/p>\n<p>L&#8217;OGEC g\u00e8re les investissements importants comme les travaux par exemple.<\/p>\n<p><strong>* Quand se r\u00e9unit l&#8217;OGEC ?<\/strong><\/p>\n<p>L&#8217;OGEC se r\u00e9unit lors de conseils d&#8217;administration une fois tous les deux mois en moyenne et tient une assembl\u00e9e g\u00e9n\u00e9rale une fois par an. Entre ces moments, les administrateurs travaillent sur un certain nombre d&#8217;activit\u00e9s comme :<\/p>\n<p>-optimiser les achats,<\/p>\n<p>-pr\u00e9voir et g\u00e9rer les travaux,<\/p>\n<p>-g\u00e9rer le personnel,<\/p>\n<p>-suivre la gestion et la tr\u00e9sorerie,<\/p>\n<p>-organiser les manifestations,<\/p>\n<p>-etc.<\/p>\n<h6 style=\"text-align: center;\">Et tout cela est fait avec des parents qui donnent un peu de leur temps \u00e0 l&#8217;\u00e9cole. Toutes les comp\u00e9tences sont les bienvenues. Donc n&#8217;h\u00e9sitez pas \u00e0 vous faire conna\u00eetre aupr\u00e8s d&#8217;un membre de l&#8217;OGEC que vous connaissez.<\/h6>\n<p style=\"text-align: center;\"><span style=\"color: #800080;\"><em>Nous comptons sur vous !<\/em><\/span><\/p>\n","protected":false},"excerpt":{"rendered":"<p>Votre avis nous int\u00e9resse, \u00e9crivez-nous \u00e0 l&#8217;adresse suivante : ecole.lusanger@orange.fr * Que veut dire OGEC ? Organisme de Gestion de l&#8217;\u00c9cole Catholique * Quel est l&#8217;objet de l&#8217;OGEC ? L&#8217;OGEC est une association Loi 1901 qui doit assumer juridiquement la gestion des \u00e9tablissements d&#8217;enseignements catholiques \u00e0 la fois dans le respect du droit fran\u00e7ais et<\/p>\n<p><a href=\"https:\/\/lusanger-ndbg.fr\/?page_id=91\" class=\"more-link themebutton\">Lire la suite<\/a><\/p>\n","protected":false},"author":3,"featured_media":0,"parent":0,"menu_order":0,"comment_status":"closed","ping_status":"closed","template":"","meta":{"ngg_post_thumbnail":0,"footnotes":""},"class_list":["post-91","page","type-page","status-publish","hentry"],"_links":{"self":[{"href":"https:\/\/lusanger-ndbg.fr\/index.php?rest_route=\/wp\/v2\/pages\/91","targetHints":{"allow":["GET"]}}],"collection":[{"href":"https:\/\/lusanger-ndbg.fr\/index.php?rest_route=\/wp\/v2\/pages"}],"about":[{"href":"https:\/\/lusanger-ndbg.fr\/index.php?rest_route=\/wp\/v2\/types\/page"}],"author":[{"embeddable":true,"href":"https:\/\/lusanger-ndbg.fr\/index.php?rest_route=\/wp\/v2\/users\/3"}],"replies":[{"embeddable":true,"href":"https:\/\/lusanger-ndbg.fr\/index.php?rest_route=%2Fwp%2Fv2%2Fcomments&post=91"}],"version-history":[{"count":1,"href":"https:\/\/lusanger-ndbg.fr\/index.php?rest_route=\/wp\/v2\/pages\/91\/revisions"}],"predecessor-version":[{"id":6382,"href":"https:\/\/lusanger-ndbg.fr\/index.php?rest_route=\/wp\/v2\/pages\/91\/revisions\/6382"}],"wp:attachment":[{"href":"https:\/\/lusanger-ndbg.fr\/index.php?rest_route=%2Fwp%2Fv2%2Fmedia&parent=91"}],"curies":[{"name":"wp","href":"https:\/\/api.w.org\/{rel}","templated":true}]}}